{"id":1050,"date":"2023-02-08T09:50:00","date_gmt":"2023-02-08T09:50:00","guid":{"rendered":"https:\/\/cabinetglobaldefense.com\/contact-avocat-francophone\/"},"modified":"2025-06-09T09:10:02","modified_gmt":"2025-06-09T09:10:02","slug":"contacto-abogado-francofono","status":"publish","type":"page","link":"https:\/\/cabinetglobaldefense.com\/es\/contacto-abogado-francofono\/","title":{"rendered":"Contacto"},"content":{"rendered":"\t\t<div data-elementor-type=\"wp-post\" data-elementor-id=\"1050\" class=\"elementor elementor-1050 elementor-27\" data-elementor-post-type=\"page\">\n\t\t\t\t\t\t<section class=\"elementor-section elementor-top-section elementor-element elementor-element-51902b22 elementor-section-height-min-height elementor-section-boxed elementor-section-height-default elementor-section-items-middle\" data-id=\"51902b22\" data-element_type=\"section\" data-settings=\"{&quot;background_background&quot;:&quot;classic&quot;}\">\n\t\t\t\t\t\t<div class=\"elementor-container elementor-column-gap-default\">\n\t\t\t\t\t<div class=\"elementor-column elementor-col-100 elementor-top-column elementor-element elementor-element-278e0a63\" data-id=\"278e0a63\" data-element_type=\"column\">\n\t\t\t<div class=\"elementor-widget-wrap elementor-element-populated\">\n\t\t\t\t\t\t<div class=\"elementor-element elementor-element-24492149 elementor-widget elementor-widget-heading\" data-id=\"24492149\" data-element_type=\"widget\" data-widget_type=\"heading.default\">\n\t\t\t\t<div class=\"elementor-widget-container\">\n\t\t\t\t\t<h1 class=\"elementor-heading-title elementor-size-default\">Cont\u00e1ctenos<\/h1>\t\t\t\t<\/div>\n\t\t\t\t<\/div>\n\t\t\t\t\t<\/div>\n\t\t<\/div>\n\t\t\t\t\t<\/div>\n\t\t<\/section>\n\t\t\t\t<section class=\"elementor-section elementor-top-section elementor-element elementor-element-29b1341 elementor-section-boxed elementor-section-height-default elementor-section-height-default\" data-id=\"29b1341\" data-element_type=\"section\">\n\t\t\t\t\t\t<div class=\"elementor-container elementor-column-gap-default\">\n\t\t\t\t\t<div class=\"elementor-column elementor-col-50 elementor-top-column elementor-element elementor-element-a127f8d\" data-id=\"a127f8d\" data-element_type=\"column\">\n\t\t\t<div class=\"elementor-widget-wrap elementor-element-populated\">\n\t\t\t\t\t\t<div class=\"elementor-element elementor-element-28d8c83 elementor-widget elementor-widget-heading\" data-id=\"28d8c83\" data-element_type=\"widget\" data-widget_type=\"heading.default\">\n\t\t\t\t<div class=\"elementor-widget-container\">\n\t\t\t\t\t<h2 class=\"elementor-heading-title elementor-size-default\">D\u00f3nde estamos<\/h2>\t\t\t\t<\/div>\n\t\t\t\t<\/div>\n\t\t\t\t\t<\/div>\n\t\t<\/div>\n\t\t\t\t<div class=\"elementor-column elementor-col-50 elementor-top-column elementor-element elementor-element-421d77f\" data-id=\"421d77f\" data-element_type=\"column\">\n\t\t\t<div class=\"elementor-widget-wrap elementor-element-populated\">\n\t\t\t\t\t\t<div class=\"elementor-element elementor-element-321e02b elementor-widget elementor-widget-text-editor\" data-id=\"321e02b\" data-element_type=\"widget\" data-widget_type=\"text-editor.default\">\n\t\t\t\t<div class=\"elementor-widget-container\">\n\t\t\t\t\t\t\t\t\t<p>Nuestra firma se estableci\u00f3 en Barcelona, \u200b\u200buna ciudad cosmopolita, que se comunica perfectamente con el resto de Espa\u00f1a. Los trenes de alta velocidad y los aviones te permiten estar a pocas horas de Madrid, Valencia, M\u00e1laga, Sevilla, pero tambi\u00e9n de Valladolid, Huesca, Albacete, etc.<\/p>\t\t\t\t\t\t\t\t<\/div>\n\t\t\t\t<\/div>\n\t\t\t\t\t<\/div>\n\t\t<\/div>\n\t\t\t\t\t<\/div>\n\t\t<\/section>\n\t\t\t\t<\/div>\n\t\t","protected":false},"excerpt":{"rendered":"<p>Cont\u00e1ctenos D\u00f3nde estamos Nuestra firma se estableci\u00f3 en Barcelona, \u200b\u200buna ciudad cosmopolita, que se comunica perfectamente con el resto de Espa\u00f1a. Los trenes de alta velocidad y los aviones te permiten estar a pocas horas de Madrid, Valencia, M\u00e1laga, Sevilla, pero tambi\u00e9n de Valladolid, Huesca, Albacete, etc.<\/p>\n","protected":false},"author":1,"featured_media":0,"parent":0,"menu_order":0,"comment_status":"closed","ping_status":"closed","template":"elementor_header_footer","meta":{"footnotes":""},"class_list":["post-1050","page","type-page","status-publish","hentry","entry"],"yoast_head":"<!-- This site is optimized with the Yoast SEO plugin v26.2 - https:\/\/yoast.com\/wordpress\/plugins\/seo\/ -->\n<title>Besoin d\u2019un avocat francophone en Espagne ?Contactez-nous!.<\/title>\n<meta name=\"description\" content=\"Contactez-nous d\u00e8s maintenant pour obtenir une consultation gratuiteavec l\u2019un de nos avocats francophones en Espagne et Barcelone.\" \/>\n<meta name=\"robots\" content=\"index, follow, max-snippet:-1, max-image-preview:large, max-video-preview:-1\" \/>\n<link rel=\"canonical\" href=\"https:\/\/cabinetglobaldefense.com\/es\/contacto-abogado-francofono\/\" \/>\n<meta property=\"og:locale\" content=\"es_ES\" \/>\n<meta property=\"og:type\" content=\"article\" \/>\n<meta property=\"og:title\" content=\"Besoin d\u2019un avocat francophone en Espagne ?Contactez-nous!.\" \/>\n<meta property=\"og:description\" content=\"Contactez-nous d\u00e8s maintenant pour obtenir une consultation gratuiteavec l\u2019un de nos avocats francophones en Espagne et Barcelone.\" \/>\n<meta property=\"og:url\" content=\"https:\/\/cabinetglobaldefense.com\/es\/contacto-abogado-francofono\/\" \/>\n<meta property=\"og:site_name\" content=\"Cabinet Global Defense\" \/>\n<meta property=\"article:modified_time\" content=\"2025-06-09T09:10:02+00:00\" \/>\n<meta name=\"twitter:card\" content=\"summary_large_image\" \/>\n<meta name=\"twitter:label1\" content=\"Tiempo de lectura\" \/>\n\t<meta name=\"twitter:data1\" content=\"1 minuto\" \/>\n<script type=\"application\/ld+json\" class=\"yoast-schema-graph\">{\"@context\":\"https:\/\/schema.org\",\"@graph\":[{\"@type\":\"WebPage\",\"@id\":\"https:\/\/cabinetglobaldefense.com\/es\/contacto-abogado-francofono\/\",\"url\":\"https:\/\/cabinetglobaldefense.com\/es\/contacto-abogado-francofono\/\",\"name\":\"Besoin d\u2019un avocat francophone en Espagne ?Contactez-nous!.\",\"isPartOf\":{\"@id\":\"https:\/\/cabinetglobaldefense.com\/#website\"},\"datePublished\":\"2023-02-08T09:50:00+00:00\",\"dateModified\":\"2025-06-09T09:10:02+00:00\",\"description\":\"Contactez-nous d\u00e8s maintenant pour obtenir une consultation gratuiteavec l\u2019un de nos avocats francophones en Espagne et Barcelone.\",\"breadcrumb\":{\"@id\":\"https:\/\/cabinetglobaldefense.com\/es\/contacto-abogado-francofono\/#breadcrumb\"},\"inLanguage\":\"es\",\"potentialAction\":[{\"@type\":\"ReadAction\",\"target\":[\"https:\/\/cabinetglobaldefense.com\/es\/contacto-abogado-francofono\/\"]}]},{\"@type\":\"BreadcrumbList\",\"@id\":\"https:\/\/cabinetglobaldefense.com\/es\/contacto-abogado-francofono\/#breadcrumb\",\"itemListElement\":[{\"@type\":\"ListItem\",\"position\":1,\"name\":\"Portada\",\"item\":\"https:\/\/cabinetglobaldefense.com\/es\/\"},{\"@type\":\"ListItem\",\"position\":2,\"name\":\"Contacto\"}]},{\"@type\":\"WebSite\",\"@id\":\"https:\/\/cabinetglobaldefense.com\/#website\",\"url\":\"https:\/\/cabinetglobaldefense.com\/\",\"name\":\"Cabinet Global Defense\",\"description\":\"LAWYERS WITH A GLOBAL REPUTATION\",\"publisher\":{\"@id\":\"https:\/\/cabinetglobaldefense.com\/#organization\"},\"potentialAction\":[{\"@type\":\"SearchAction\",\"target\":{\"@type\":\"EntryPoint\",\"urlTemplate\":\"https:\/\/cabinetglobaldefense.com\/?s={search_term_string}\"},\"query-input\":{\"@type\":\"PropertyValueSpecification\",\"valueRequired\":true,\"valueName\":\"search_term_string\"}}],\"inLanguage\":\"es\"},{\"@type\":\"Organization\",\"@id\":\"https:\/\/cabinetglobaldefense.com\/#organization\",\"name\":\"Cabinet Global Defense\",\"alternateName\":\"Avocat francophone Barcelone\",\"url\":\"https:\/\/cabinetglobaldefense.com\/\",\"logo\":{\"@type\":\"ImageObject\",\"inLanguage\":\"es\",\"@id\":\"https:\/\/cabinetglobaldefense.com\/#\/schema\/logo\/image\/\",\"url\":\"https:\/\/cabinetglobaldefense.com\/wp-content\/uploads\/2023\/02\/cropped-logo-head-300x55-1.png\",\"contentUrl\":\"https:\/\/cabinetglobaldefense.com\/wp-content\/uploads\/2023\/02\/cropped-logo-head-300x55-1.png\",\"width\":300,\"height\":55,\"caption\":\"Cabinet Global Defense\"},\"image\":{\"@id\":\"https:\/\/cabinetglobaldefense.com\/#\/schema\/logo\/image\/\"}}]}<\/script>\n<!-- \/ Yoast SEO plugin. -->","yoast_head_json":{"title":"Besoin d\u2019un avocat francophone en Espagne ?Contactez-nous!.","description":"Contactez-nous d\u00e8s maintenant pour obtenir une consultation gratuiteavec l\u2019un de nos avocats francophones en Espagne et Barcelone.","robots":{"index":"index","follow":"follow","max-snippet":"max-snippet:-1","max-image-preview":"max-image-preview:large","max-video-preview":"max-video-preview:-1"},"canonical":"https:\/\/cabinetglobaldefense.com\/es\/contacto-abogado-francofono\/","og_locale":"es_ES","og_type":"article","og_title":"Besoin d\u2019un avocat francophone en Espagne ?Contactez-nous!.","og_description":"Contactez-nous d\u00e8s maintenant pour obtenir une consultation gratuiteavec l\u2019un de nos avocats francophones en Espagne et Barcelone.","og_url":"https:\/\/cabinetglobaldefense.com\/es\/contacto-abogado-francofono\/","og_site_name":"Cabinet Global Defense","article_modified_time":"2025-06-09T09:10:02+00:00","twitter_card":"summary_large_image","twitter_misc":{"Tiempo de lectura":"1 minuto"},"schema":{"@context":"https:\/\/schema.org","@graph":[{"@type":"WebPage","@id":"https:\/\/cabinetglobaldefense.com\/es\/contacto-abogado-francofono\/","url":"https:\/\/cabinetglobaldefense.com\/es\/contacto-abogado-francofono\/","name":"Besoin d\u2019un avocat francophone en Espagne ?Contactez-nous!.","isPartOf":{"@id":"https:\/\/cabinetglobaldefense.com\/#website"},"datePublished":"2023-02-08T09:50:00+00:00","dateModified":"2025-06-09T09:10:02+00:00","description":"Contactez-nous d\u00e8s maintenant pour obtenir une consultation gratuiteavec l\u2019un de nos avocats francophones en Espagne et Barcelone.","breadcrumb":{"@id":"https:\/\/cabinetglobaldefense.com\/es\/contacto-abogado-francofono\/#breadcrumb"},"inLanguage":"es","potentialAction":[{"@type":"ReadAction","target":["https:\/\/cabinetglobaldefense.com\/es\/contacto-abogado-francofono\/"]}]},{"@type":"BreadcrumbList","@id":"https:\/\/cabinetglobaldefense.com\/es\/contacto-abogado-francofono\/#breadcrumb","itemListElement":[{"@type":"ListItem","position":1,"name":"Portada","item":"https:\/\/cabinetglobaldefense.com\/es\/"},{"@type":"ListItem","position":2,"name":"Contacto"}]},{"@type":"WebSite","@id":"https:\/\/cabinetglobaldefense.com\/#website","url":"https:\/\/cabinetglobaldefense.com\/","name":"Cabinet Global Defense","description":"LAWYERS WITH A GLOBAL REPUTATION","publisher":{"@id":"https:\/\/cabinetglobaldefense.com\/#organization"},"potentialAction":[{"@type":"SearchAction","target":{"@type":"EntryPoint","urlTemplate":"https:\/\/cabinetglobaldefense.com\/?s={search_term_string}"},"query-input":{"@type":"PropertyValueSpecification","valueRequired":true,"valueName":"search_term_string"}}],"inLanguage":"es"},{"@type":"Organization","@id":"https:\/\/cabinetglobaldefense.com\/#organization","name":"Cabinet Global Defense","alternateName":"Avocat francophone Barcelone","url":"https:\/\/cabinetglobaldefense.com\/","logo":{"@type":"ImageObject","inLanguage":"es","@id":"https:\/\/cabinetglobaldefense.com\/#\/schema\/logo\/image\/","url":"https:\/\/cabinetglobaldefense.com\/wp-content\/uploads\/2023\/02\/cropped-logo-head-300x55-1.png","contentUrl":"https:\/\/cabinetglobaldefense.com\/wp-content\/uploads\/2023\/02\/cropped-logo-head-300x55-1.png","width":300,"height":55,"caption":"Cabinet Global Defense"},"image":{"@id":"https:\/\/cabinetglobaldefense.com\/#\/schema\/logo\/image\/"}}]}},"_links":{"self":[{"href":"https:\/\/cabinetglobaldefense.com\/es\/wp-json\/wp\/v2\/pages\/1050","targetHints":{"allow":["GET"]}}],"collection":[{"href":"https:\/\/cabinetglobaldefense.com\/es\/wp-json\/wp\/v2\/pages"}],"about":[{"href":"https:\/\/cabinetglobaldefense.com\/es\/wp-json\/wp\/v2\/types\/page"}],"author":[{"embeddable":true,"href":"https:\/\/cabinetglobaldefense.com\/es\/wp-json\/wp\/v2\/users\/1"}],"replies":[{"embeddable":true,"href":"https:\/\/cabinetglobaldefense.com\/es\/wp-json\/wp\/v2\/comments?post=1050"}],"version-history":[{"count":11,"href":"https:\/\/cabinetglobaldefense.com\/es\/wp-json\/wp\/v2\/pages\/1050\/revisions"}],"predecessor-version":[{"id":1888,"href":"https:\/\/cabinetglobaldefense.com\/es\/wp-json\/wp\/v2\/pages\/1050\/revisions\/1888"}],"wp:attachment":[{"href":"https:\/\/cabinetglobaldefense.com\/es\/wp-json\/wp\/v2\/media?parent=1050"}],"curies":[{"name":"wp","href":"https:\/\/api.w.org\/{rel}","templated":true}]}}

<div data-elementor-type="wp-post" data-elementor-id="1050" class="elementor elementor-1050 elementor-27" data-elementor-post-type="page">
						<section class="elementor-section elementor-top-section elementor-element elementor-element-51902b22 elementor-section-height-min-height elementor-section-boxed elementor-section-height-default elementor-section-items-middle" data-id="51902b22" data-element_type="section" data-settings="{&quot;background_background&quot;:&quot;classic&quot;}">
						<div class="elementor-container elementor-column-gap-default">
					<div class="elementor-column elementor-col-100 elementor-top-column elementor-element elementor-element-278e0a63" data-id="278e0a63" data-element_type="column">
			<div class="elementor-widget-wrap elementor-element-populated">
						<div class="elementor-element elementor-element-24492149 elementor-widget elementor-widget-heading" data-id="24492149" data-element_type="widget" data-widget_type="heading.default">
				<div class="elementor-widget-container">
					<h1 class="elementor-heading-title elementor-size-default">Contáctenos</h1>				</div>
				</div>
					</div>
		</div>
					</div>
		</section>
				<section class="elementor-section elementor-top-section elementor-element elementor-element-29b1341 elementor-section-boxed elementor-section-height-default elementor-section-height-default" data-id="29b1341" data-element_type="section">
						<div class="elementor-container elementor-column-gap-default">
					<div class="elementor-column elementor-col-50 elementor-top-column elementor-element elementor-element-a127f8d" data-id="a127f8d" data-element_type="column">
			<div class="elementor-widget-wrap elementor-element-populated">
						<div class="elementor-element elementor-element-28d8c83 elementor-widget elementor-widget-heading" data-id="28d8c83" data-element_type="widget" data-widget_type="heading.default">
				<div class="elementor-widget-container">
					<h2 class="elementor-heading-title elementor-size-default">Dónde estamos</h2>				</div>
				</div>
					</div>
		</div>
				<div class="elementor-column elementor-col-50 elementor-top-column elementor-element elementor-element-421d77f" data-id="421d77f" data-element_type="column">
			<div class="elementor-widget-wrap elementor-element-populated">
						<div class="elementor-element elementor-element-321e02b elementor-widget elementor-widget-text-editor" data-id="321e02b" data-element_type="widget" data-widget_type="text-editor.default">
				<div class="elementor-widget-container">
									<p>Nuestra firma se estableció en Barcelona, ​​una ciudad cosmopolita, que se comunica perfectamente con el resto de España. Los trenes de alta velocidad y los aviones te permiten estar a pocas horas de Madrid, Valencia, Málaga, Sevilla, pero también de Valladolid, Huesca, Albacete, etc.</p>								</div>
				</div>
					</div>
		</div>
					</div>
		</section>
				</div>

<p>Contáctenos Dónde estamos Nuestra firma se estableció en Barcelona, ​​una ciudad cosmopolita, que se comunica perfectamente con el resto de España. Los trenes de alta velocidad y los aviones te permiten estar a pocas horas de Madrid, Valencia, Málaga, Sevilla, pero también de Valladolid, Huesca, Albacete, etc.</p>

<!-- This site is optimized with the Yoast SEO plugin v26.2 - https://yoast.com/wordpress/plugins/seo/ -->
<title>Besoin d’un avocat francophone en Espagne ?Contactez-nous!.</title>
<meta name="description" content="Contactez-nous dès maintenant pour obtenir une consultation gratuiteavec l’un de nos avocats francophones en Espagne et Barcelone." />
<meta name="robots" content="index, follow, max-snippet:-1, max-image-preview:large, max-video-preview:-1" />
<link rel="canonical" href="https://cabinetglobaldefense.com/es/contacto-abogado-francofono/" />
<meta property="og:locale" content="es_ES" />
<meta property="og:type" content="article" />
<meta property="og:title" content="Besoin d’un avocat francophone en Espagne ?Contactez-nous!." />
<meta property="og:description" content="Contactez-nous dès maintenant pour obtenir une consultation gratuiteavec l’un de nos avocats francophones en Espagne et Barcelone." />
<meta property="og:url" content="https://cabinetglobaldefense.com/es/contacto-abogado-francofono/" />
<meta property="og:site_name" content="Cabinet Global Defense" />
<meta property="article:modified_time" content="2025-06-09T09:10:02+00:00" />
<meta name="twitter:card" content="summary_large_image" />
<meta name="twitter:label1" content="Tiempo de lectura" />
	<meta name="twitter:data1" content="1 minuto" />
<script type="application/ld+json" class="yoast-schema-graph">{"@context":"https://schema.org","@graph":[{"@type":"WebPage","@id":"https://cabinetglobaldefense.com/es/contacto-abogado-francofono/","url":"https://cabinetglobaldefense.com/es/contacto-abogado-francofono/","name":"Besoin d’un avocat francophone en Espagne ?Contactez-nous!.","isPartOf":{"@id":"https://cabinetglobaldefense.com/#website"},"datePublished":"2023-02-08T09:50:00+00:00","dateModified":"2025-06-09T09:10:02+00:00","description":"Contactez-nous dès maintenant pour obtenir une consultation gratuiteavec l’un de nos avocats francophones en Espagne et Barcelone.","breadcrumb":{"@id":"https://cabinetglobaldefense.com/es/contacto-abogado-francofono/#breadcrumb"},"inLanguage":"es","potentialAction":[{"@type":"ReadAction","target":["https://cabinetglobaldefense.com/es/contacto-abogado-francofono/"]}]},{"@type":"BreadcrumbList","@id":"https://cabinetglobaldefense.com/es/contacto-abogado-francofono/#breadcrumb","itemListElement":[{"@type":"ListItem","position":1,"name":"Portada","item":"https://cabinetglobaldefense.com/es/"},{"@type":"ListItem","position":2,"name":"Contacto"}]},{"@type":"WebSite","@id":"https://cabinetglobaldefense.com/#website","url":"https://cabinetglobaldefense.com/","name":"Cabinet Global Defense","description":"LAWYERS WITH A GLOBAL REPUTATION","publisher":{"@id":"https://cabinetglobaldefense.com/#organization"},"potentialAction":[{"@type":"SearchAction","target":{"@type":"EntryPoint","urlTemplate":"https://cabinetglobaldefense.com/?s={search_term_string}"},"query-input":{"@type":"PropertyValueSpecification","valueRequired":true,"valueName":"search_term_string"}}],"inLanguage":"es"},{"@type":"Organization","@id":"https://cabinetglobaldefense.com/#organization","name":"Cabinet Global Defense","alternateName":"Avocat francophone Barcelone","url":"https://cabinetglobaldefense.com/","logo":{"@type":"ImageObject","inLanguage":"es","@id":"https://cabinetglobaldefense.com/#/schema/logo/image/","url":"https://cabinetglobaldefense.com/wp-content/uploads/2023/02/cropped-logo-head-300x55-1.png","contentUrl":"https://cabinetglobaldefense.com/wp-content/uploads/2023/02/cropped-logo-head-300x55-1.png","width":300,"height":55,"caption":"Cabinet Global Defense"},"image":{"@id":"https://cabinetglobaldefense.com/#/schema/logo/image/"}}]}</script>
<!-- / Yoast SEO plugin. -->

Contactez-nous dès maintenant pour obtenir une consultation gratuiteavec l’un de nos avocats francophones en Espagne et Barcelone.
